b**3 - 6*b**2 + 2*b - 6. Let y(i) = i**3 + i**2 + 1. Let r(q) = h*y(q) - k(q). Suppose -3*w - 2*w = -5. Give r(w).
2
Let o(x) = -x**3 + 13*x**2 - 13*x + 16. Let r be o(12). Let w(i) = -i**3 + 2*i**2 + 2*i. What is w(r)?
-24
Let g(l) = -3*l + 4. Suppose -81*q = -80*q - 2. What is g(q)?
-2
Let h(b) be the third derivative of -b**4/8 + b**3 + b**2. Let f = 14 - 9. Calculate h(f).
-9
Let d(s) be the first derivative of -3/4*s**4 + 2/3*s**3 + 2*s + 1 + 0*s**2. What is d(2)?
-14
Let t be (-8)/10*50/(-10). Let d(h) be the third derivative of -h**6/120 + h**5/12 - h**4/8 - 2*h**2. What is d(t)?
4
Let t = 11 - 8. Let w(u) be the second derivative of 0 + u + 2*u**2 + 1/6*u**t. Calculate w(-3).
1
Let p(x) = x + 6. Let a(d) = 5*d - 8*d**2 - 1 + 9*d**2 + 6. Let m(s) = s. Let h be m(-5). Let z be a(h). Calculate p(z).
11
Suppose 0 = 3*t + q - 7, -4*t + 4*q - q + 5 = 0. Let m(b) = -5*b**3 - b**3 + 4*b**3 + b**3 + b + 2*b**t. What is m(2)?
2
Let r = 30 + -14. Let p = r + -19. Let m(q) = 4*q + 10. Let o(w) = -w - 2. Let g(h) = -2*m(h) - 11*o(h). Calculate g(p).
-7
Let k(j) = 3*j. Suppose 0 = -d + 1 + 2. Let o(n) = 2*n - d*n - n. Let u be o(-1). Calculate k(u).
6
Suppose -2*m - 18 = -3*v - v, -5*m = -3*v + 17. Let f = 3 + m. Let o = 2 - f. Let z(a) = a**3 - a**2 + a - 8. Give z(o).
-8
Let n(l) = -l**3 + l. Let y be n(0). Suppose -3*d + 2 + 1 = y. Let v(r) = 2*r**3 - r**2 + 1. Determine v(d).
2
Let v(p) = p - 5. Let n be v(5). Let k = -5 - n. Let x(j) = j**2 + 3*j + 1. What is x(k)?
11
Let u(n) = n - 7. Suppose 2 = -5*f - 8. Let l = 5 + f. Give u(l).
-4
Let d be 5 + -2 + (-2)/(-2). Suppose 10 = -2*m - d*p, -3*m + 3*p + p = -35. Let k(n) = -n + 5. Give k(m).
0
Suppose -4*f + 5 = -7. Suppose -4 = -f*j + 5. Let i(r) = -j + r**2 - 3*r**2 + 4. Calculate i(-2).
-7
Let r = 8 - 2. Let p = 8 - r. Let y = -3 + p. Let j(s) = s + 1. Determine j(y).
0
Let o(n) = -95*n**2 + 25*n + 25. Let f(m) = 8*m**2 - 2*m - 2. Let z(q) = -25*f(q) - 2*o(q). Let h = -1 - 0. Calculate z(h).
-10
Let w be (-21)/8 - 3*-1. Let b(u) be the third derivative of w*u**4 + 0 + 0*u - 2*u**2 + 1/6*u**3. What is b(-1)?
-8
Let y(a) = 5*a**3 - 9*a**2 - a + 1. Let t(q) = 14*q**3 - 26*q**2 - 3*q + 3. Let j(h) = 4*t(h) - 11*y(h). Give j(5).
-4
Let p(d) = 3*d + 1. Let f = 44 - 38. Calculate p(f).
19
Let j(d) be the third derivative of 7*d**6/360 + d**5/120 - 2*d**3/3 - 2*d**2. Let r(c) be the first derivative of j(c). Calculate r(-1).
6
Let o(y) = -2*y. Let u be o(-1). Let b(k) be the first derivative of -3 - 3*k + 3/2*k**u. What is b(3)?
6
Suppose -5*f + 2*f + 9 = 0. Let u(a) be the first derivative of 1/4*a**4 - 4/3*a**3 + 1/2*a**2 - 4*a + 6. Determine u(f).
-10
Let p be (-2)/4*110/(-11). Let m(u) = -u**3 + 5*u**2 + 4. Give m(p).
4
Let z be 33/15 + (-2)/10. Let u(j) = 3*j**3 - 3*j**2 + 3*j + 5 - z*j**2 - j**2 - 2*j**3. Let s = 11 - 6. Give u(s).
-5
Suppose 3*o - 5*o = 3*o. Let y(m) = -m - 1. Determine y(o).
-1
Let y(s) = 2*s**2 - 4*s - 1. Suppose 0 = -3*q - q + 20. Suppose 0 = 2*h - q*t + 19, 4*h - t = t + 2. Give y(h).
5
Suppose 0 = c + p - 6*p - 20, 4 = -4*c - p. Let k(j) = -j**2 - 4*j + c + 1 - 3. Calculate k(-3).
1
Let t(r) = 2*r - 1. Let k(j) = 7*j + 2. Let v(p) = -k(p) + 4*t(p). What is v(3)?
-3
Let r(w) = 16*w - 7. Let k(p) = -17*p + 8. Let i(f) = 6*k(f) + 7*r(f). Determine i(-1).
-11
Let j(c) = -9*c. Let m(p) = p. Let y(k) = -j(k) - 6*m(k). Let n = 12 + -8. Let u(o) = -o. Let v(g) = n*u(g) + y(g). Determine v(1).
-1
Let h(u) = 2*u**2 + 5*u + 2. Let b be h(-3). Let x(q) = 4 + 6*q - q**3 + 2 + q**2 + 2*q**2 + q**2. What is x(b)?
11
Suppose 8*v - 4*v + 4*y + 8 = 0, -2*y + 8 = 0. Let t(i) = 2*i - 3. Determine t(v).
-15
Let j(w) = -3*w. Let l(z) = z - 1. Let d(x) be the first derivative of -x**2/2 + x - 1. Let v be d(0). Let r(y) = v*j(y) - 2*l(y). What is r(2)?
-8
Let r(l) = -1. Let c(m) = m**2 - 6*m - 7. Let h(a) = c(a) - 2*r(a). Give h(7).
2
Let c be 15/(-10)*(-4)/6. Let p = -4 - c. Let u(j) = -j**2 - 5*j + 3. Give u(p).
3
Let y(w) = -w**2 - w + 1. Let b(l) = 2*l**2 + 7*l - 11. Let x(q) = b(q) + y(q). Calculate x(-7).
-3
Let x(f) = -4*f**3 - 11*f**2 + 22*f - 3. Let p(w) = w**3 + 4*w**2 - 7*w + 1. Let r(a) = 7*p(a) + 2*x(a). What is r(5)?
1
Let k(n) = -n**2 - 2*n + 2. Let y(x) = 7*x - 27. Let t be y(4). Determine k(t).
-1
Let g(x) = 3*x**3 - 10*x**2 + 11*x - 6. Let i(a) be the first derivative of a**4 - 11*a**3/3 + 6*a**2 - 7*a + 6. Let p(d) = 5*g(d) - 4*i(d). Calculate p(-7).
-2
Suppose -2*g - 2*g = 0. Let y(v) = -v**2 - 8*v - 2. Let j be y(-8). Let c = j + g. Let q(k) = -k**3 - 3*k**2 - 3*k - 2. What is q(c)?
0
Let m(g) = -g + 1. Let f be m(0). Let b be f/(0 + (-3)/(-3)). Let z(v) = 7*v. Calculate z(b).
7
Suppose f - 5 = -2*h, 5*f = h + 4*h - 5. Let a(k) = -7 + 3 - h*k + 6. Give a(4).
-6
Let n(d) be the second derivative of d**5/10 - d**4/6 - d**3/6 + 2*d. Give n(2).
6
Let a(g) = -g - 2. Let s be (-2)/(-4) - 69/(-6). Let i = s - 12. Give a(i).
-2
Let q(o) be the third derivative of -o**4/4 - o**3/3 - 38*o**2. What is q(2)?
-14
Let c(j) = 2*j. Let v be 99/21 - (-2)/7. Suppose v*n = 11 + 4. Let y = -2 + n. What is c(y)?
2
Let c(b) be the third derivative of -1/30*b**5 + 7/24*b**4 + 0*b + 4*b**2 + 0 - 2/3*b**3. Give c(4).
-8
Let b(a) be the first derivative of -7/2*a**2 + 4/3*a**3 - a + 1/4*a**4 + 2. Let x = -2 + -3. Determine b(x).
9
Suppose -5*i + 19 - 4 = 0. Suppose -2*l - 41 = -i*q, -5*q - l - l = -47. Suppose -1 = 5*n - q. Let j(f) = 3*f**2 - 3*f + 1. What is j(n)?
7
Let w(o) = o + 3. Let a(u) = -7*u - 1. Let l be a(1). Determine w(l).
-5
Suppose 3*b + 5*q = 37, -b - 3*q + 2*q = -9. Let l be 0 - 1/((-2)/(-4)). Let z = l + b. Let a(k) = k**3 - 2*k**2 + 2*k + 1. Give a(z).
5
Let h(a) be the first derivative of 3*a**2/2 + 6*a - 9. Suppose -q = 5*b + 25, q - 2*q + 7 = -3*b. Determine h(q).
-9
Let i(y) = 3*y**2 - 4*y**3 - 2*y**2 - y**2 + y**2. Calculate i(-1).
5
Let y(i) be the first derivative of -i**7/840 + i**6/90 + i**5/30 - i**4/24 - i**3 + 1. Let c(v) be the third derivative of y(v). Determine c(5).
-6
Let c(y) be the second derivative of y**6/15 + y**5/60 + y**4/24 + y**3/6 + 3*y**2/2 + 3*y. Let o(l) be the first derivative of c(l). What is o(-1)?
-7
Let s be 10/(-4)*(-10 + 12). Let o(j) = j**3 + 5*j**2 + 2*j + 7. Give o(s).
-3
Suppose 10 = 5*v - 5*i, -7 = v - 2*v - 4*i. Let k(u) = -u**v + u**2 + 208*u - 1 - 208*u. Suppose 3*d = 7*d. What is k(d)?
-1
Let u(r) = -3*r - 2. Let g be u(-3). Let m(i) be the second derivative of -i**3/6 + 13*i**2/2 + 4*i. Determine m(g).
6
Suppose -4*j + 3*h - 10 = 0, 5*j + 3*h + 10 = 8*h. Let a(m) = m**3 + 3*m**2 - 6*m - 2. Give a(j).
6
Let z(i) = 5*i**2 - 3 + 2*i + 4 - 4*i. Determine z(1).
4
Let g(j) = -1 + 4*j - 4 - j + j**2. Suppose -3*m - 3*q - 9 = 0, 4*q = -6*m + m - 16. Calculate g(m).
-1
Let b = 8 - 6. Let g(n) = 2*n**3 - n**3 - 1 - 6 - 6*n**b + 3*n + 5*n. Determine g(5).
8
Let a(z) = -z**2 - 3*z - 3. Let p be 1/3 + (-2)/6. Suppose -6*n + n - 10 = p. Give a(n).
-1
Let t be ((-3)/(-1))/1 - -3. Let v(o) = 4*o**2 - 1 + 0*o - o - t*o**2 + 5*o. Calculate v(3).
-7
Let m(x) = x + 5*x**2 - x**3 - x**3 + x**3. Let a(r) be the second derivative of r**3 - r**2/2 - 3*r. Let t be a(1). Calculate m(t).
5
Suppose 2 = y - 1. Suppose 11 + 4 = 3*v. Let x(j) = v + 5*j - j**2 - 3 - 1. Give x(y).
7
Let c(k) = 2 - 2 + k**2 - 4*k. Suppose 2*o = -11 + 19. What is c(o)?
0
Let d = 0 + 3. Let y(o) = 0*o**3 - o**3 + o + 3*o**d - 3*o**3 + o**2. What is y(0)?
0
Let v = 1 + -2. Let u(d) = -5*d**2 + 3*d + 3. Let h(b) = b + 1. Let n(p) = 4*h(p) - u(p). Give n(v).
5
Suppose 2*i = -5 - 5. Let j(x) = 5*x + 3250*x**2 - 2*x - 7 - 3249*x**2. What is j(i)?
3
Let g(d) = d**3 + 8*d**2 - 2*d - 12. Let i be 1 - 11 - -1 - -1. Determine g(i).
4
Let w(k) = -2*k**2 + 4*k + 2. Let c(y) = -y**2 + 1. Let f(h) = c(h) - w(h). Let x be -3*(-2)/((-12)/(-10)). Give f(x).
4
Suppose 4*w + 5 = -w. Let a be w*(4 + -2) + 10. Let y(c) = -3*c + c - a + 3*c. Give y(4).
-4
Suppose -5*c + 1 = -9. Let y(a) = a**3 - 3*a**2 + 2*a - 1. Give y(c).
-1
Let d(r) = -4*r - 7 + 4*r + 3*r - 2*r. Suppose -3*i - 3*y + 7 = -2, 0 = -5*i + 4*y + 33. Suppose i*m + 2*g - 17 = 0, 0 = -m + 4*g - 5 + 26. Give d(m).
-2
Let l = -2 - -2. Let h(d) = -1 + 0 + 4*d + l*d. Let t(v) = v**3 + 7*v**2 + 1. Let r be t(-7). Determine h(r).
3
Let r be -1*(-1 